emainder when t(16) is divided by 86?
45
Let c = -8306 + 8550. What is the remainder when c is divided by 42?
34
Suppose -6*g + 5*g - 16 = 2*z, 3*g - 18 = 5*z. What is the remainder when 81 is divided by ((-56)/6)/(-10 - 58/z)?
25
Let a = 5083 - 5070. What is the remainder when 2663 is divided by a?
11
What is the remainder when 1449 is divided by 1*104 + (-76 - -76)?
97
Suppose 10*s - 32*s + 2794 = 0. Let r(w) = -w**3 - 9*w**2 - 4*w + 4. Let h be r(-9). Calculate the remainder when s is divided by (-9)/24 + 535/h.
10
Let d = 5130 + -4977. Calculate the remainder when 966 is divided by d.
48
Suppose -3*r - 3*n - 469 + 4603 = 0, -4*n - 1368 = -r. What is the remainder when r is divided by 46?
42
Let a be (-119)/42*-3*46. Suppose 11*h - 10*h - g - 390 = 0, h = 2*g + a. Calculate the remainder when h is divided by 14.
11
Suppose -6*s + 61 = -3*s + 4*o, 22 = s + 3*o. Let p = -78 - 71. Let n = p - -221. What is the remainder when n is divided by s?
15
Suppose d + 2 = 0, 0 = -2*t - 4*d + 74. Suppose 6*y = 11 + 31. What is the remainder when t is divided by y?
6
Suppose -8*x + 1603 = -4357. Suppose -x = -5*v - d, -745 = -5*v - 7*d + 5*d. What is the remainder when v is divided by 8?
5
Let u(f) = -f**3 - 20*f**2 - 59*f - 35. Calculate the remainder when u(-18) is divided by 231.
148
Suppose 576*c = 596*c - 3780. What is the remainder when 388 is divided by c?
10
Suppose 0*v = 2*v - 2*k - 8472, k - 4244 = -v. Suppose -4*p = 4*p - v. What is the remainder when p is divided by 19?
17
Let z(n) = -n**2 - 5*n + 9. Suppose -15 + 5 = -2*v. Suppose -5*s + v*l + 5 = -0, -5*l = -2*s - 4. Calculate the remainder when z(-6) is divided by s.
0
Suppose 32 = 4*f - 44. Let g be (-19 + 21)/(192/193 - 1). Let k = -331 - g. What is the remainder when k is divided by f?
17
Let k(h) = h**3 - 7*h**2 + 9*h - 22. Suppose 0*i + 9*i - 63 = 0. Suppose n - 21 = -0. Calculate the remainder when k(i) is divided by n.
20
Let s(q) = 84*q**3 + 3*q**2 + 7*q + 8. Let l be s(-2). Let u = -644 - l. Calculate the remainder when 170 is divided by u.
16
Suppose 19*m + 2*w - 2036 = 14*m, -2*w + 404 = m. Calculate the remainder when 472 is divided by m.
64
Suppose 23*n - 22*n - 28 = 0. Suppose n*m = -1403 + 5995. Suppose -3*p + 2*r = -111 + 20, 4*r = -5*p + 181. What is the remainder when m is divided by p?
32
Calculate the remainder when ((-81228)/1848)/((-1)/22) is divided by 7.
1
Suppose -7095 = -3*c + 3*o, 0 = -6*o + 11 + 1. Calculate the remainder when c is divided by 44.
35
Suppose 5*z - 9*f + 4*f = -10, 3*f - 8 = 4*z. What is the remainder when z*8*(5 + 115/(-10)) is divided by 27?
23
Suppose 30*z = 18*z - 47*z + 7729. What is the remainder when z is divided by 25?
6
Let w = 134 - 101. Suppose 0 = 38*a - w*a + 85. Let x = a + 83. What is the remainder when x is divided by 17?
15
Let b = -3844 + 4489. What is the remainder when b is divided by 163?
156
Suppose -z + 272 = -4*r, -15*z + 20*z + 5*r = 1435. Suppose 3*k + 4*t = 82, 0 = 12*k - 9*k + 3*t - 81. What is the remainder when z is divided by k?
24
Suppose 4*o + 10*x - 24 = 6*x, 4*o - 2*x - 48 = 0. Suppose 16 = -3*z + 25. Suppose -3*l - z*l = -18. What is the remainder when o is divided by l?
1
Let c(m) = 3*m**2 + 17*m - 33. Let z be c(16). Let d = -861 + z. What is the remainder when d is divided by 19?
13
What is the remainder when (-9*(-18)/(-108))/((-12)/47848) is divided by 193?
191
Suppose 50*c - 13631 - 45994 = -25*c. Calculate the remainder when c is divided by 21.
18
Let l(q) = -q**3. Let s(c) = -4*c**2 - 4*c - 3. Let o(g) = -l(g) - s(g). Let b be o(-3). What is the remainder when 107 is divided by (3/(-6) + b)*-54?
26
Suppose -4*x + 129 = -n, -5*x - 85*n + 81*n + 198 = 0. Let s(m) = 57*m + 4. What is the remainder when s(4) is divided by x?
28
Suppose 15835*o - 3012 = 15829*o. Calculate the remainder when o is divided by 2.
0
Let q(d) = 24*d + 239. Calculate the remainder when 2138 is divided by q(-5).
115
Suppose 3*w + 3*b + 97 = -35, 3*w + 128 = b. Let x = -39 - w. Suppose -3*z - 19 = -5*c - 61, 0 = x*z - 5*c - 51. What is the remainder when 22 is divided by z?
4
Let v(f) = -9*f + 86. Let x be v(9). Suppose 50 = 2*k + 5*z - 59, -x*z = -k + 32. Let y = -55 - -148. Calculate the remainder when y is divided by k.
46
Let j = -3193 + 3260. What is the remainder when j is divided by ((-2)/3)/(2/(-75))?
17
Let h(m) = 14*m + 1403. What is the remainder when 6797 is divided by h(-99)?
14
Let f = -305 + 1001. Calculate the remainder when f is divided by 186.
138
What is the remainder when 831 is divided by (-19)/418*-11 + 1404/8?
127
Suppose 588 = 122*p - 25*p - 69*p. What is the remainder when 848 is divided by p?
8
Suppose -1877 = -14*f + 643. Let v = f + -131. What is the remainder when 2184/15 - (-2)/5 is divided by v?
48
Let c(m) = 2*m + 7. Let b be c(6). Suppose 0*a = -a + b. Suppose 4 = -2*i, 2*i - 46 = -4*x + 5*i. Calculate the remainder when a is divided by x.
9
Suppose z + 2 = 4*h, 0*z - 3*h = 2*z - 7. Suppose 0*g - 2 = -z*g. Calculate the remainder when 70 + 27 + 2/2*g is divided by 11.
10
Suppose 0 = -67*r + 200 + 68. Calculate the remainder when 225 is divided by r.
1
Suppose 7*u + 216 = 13*u. What is the remainder when 54 is divided by 75/11 - -1 - u/(-198)?
6
Suppose -6*j + 3*j = 6. Let d be (-1 - j)/(-11 - -12)*34. Suppose 2*y = n - 5*n + d, -33 = -4*y - n. What is the remainder when 12 is divided by y?
5
Let x(r) = r**2 - 4*r - 7. What is the remainder when ((-465)/124)/((-6)/(-16)) - -607 is divided by x(7)?
9
Suppose -2*j + 158 = 2*j - 94. Calculate the remainder when 274 is divided by j.
22
Suppose 0 = 4*a - 6*a + 118. Let x = a - 58. What is the remainder when 55 is divided by (38/(-2))/(x/(-1))?
17
Let c = -116 - -273. Let h = 163 - c. What is the remainder when 1 - 5 - -1 - -37 is divided by h?
4
Let v = -3956 - -3997. Calculate the remainder when 48 is divided by v.
7
Suppose 4*h - 80 = -4*s, 5*h = -1455*s + 1454*s + 48. Calculate the remainder when 3946 is divided by s.
7
Let y = 94 - 15. Suppose -l + y = -52. Suppose -4*q = -3*q - l. What is the remainder when q is divided by 44?
43
Let x = -248 - -381. Suppose -x*s = -138*s + 10. Let k(z) = 5*z**2 - z + 2. Calculate the remainder when k(s) is divided by 12.
8
Suppose 2*w = -3*w + 140. Let y be (((-80)/35)/4)/((-4)/14). Suppose -y*r + 4*f = -406, 3*r + f - 3*f = 593. Calculate the remainder when r is divided by w.
27
Let s = 267 + -264. Suppose s*l - 22 = -z, l = -3*z + 4*z - 6. Calculate the remainder when (16 + 2)/((-4)/(-6)) is divided by z.
7
What is the remainder when 1818 is divided by (-22 - (-16 + -11))/(10/24)?
6
What is the remainder when (306/(-45) - 4/(-5)) + 1413 - 2 is divided by 236?
225
Let c(b) = 25*b - 60. What is the remainder when 614 is divided by c(3)?
14
Let y = -20663 + 20940. Suppose 5*p = -0*p - 3*v + 30, -4*p = 3*v - 21. Calculate the remainder when y is divided by p.
7
Let p(l) be the third derivative of l**4/24 + l**3 + 24*l**2. Let a be p(-3). What is the remainder when (a/1 - 0) + (29 - 13) is divided by 6?
1
Suppose 8*s = 13*s. Let j(y) = -y + s*y**2 - y**2 + 7 - y + 10. What is the remainder when j(0) is divided by 10?
7
Let q(z) be the third derivative of 1/15*z**5 - 3/2*z**3 + 0 + 19*z**2 + 0*z - 1/6*z**4. Calculate the remainder when q(6) is divided by 19.
16
Calculate the remainder when (2*1308/40)/(6/30) is divided by 179.
148
Let z = 13 - -1. Let k(n) = n**3 - 3*n**2 - 2*n + 6. Let q be k(-2). Let y = q + z. Calculate the remainder when 11 is divided by y.
3
Suppose -4*b - 341 = 4*y - 1037, 0 = -5*b + 4*y + 897. Let o = 210 - b. Calculate the remainder when 62 is divided by o.
29
Let k(s) = 5261*s**2 - 2*s + 4. Let o be k(-2). Calculate the remainder when 7/((-378)/(-12)) - o/(-36) is divided by 49.
46
Let t = 34376 + -26097. Calculate the remainder when t is divided by 40.
39
Let x = -231 - -286. Let n(t) = 23*t - 352. Calculate the remainder when n(32) is divided by x.
54
Let s = 522 + -301. Let v = -207 + s. Calculate the remainder when 25 is divided by v.
11
What is the remainder when 321 - ((-192)/(-28) - 1/(-7)) is divided by 63?
62
Suppose 2*v - 920 = -8*v. Suppose 7*s - 4*d - v = 2*s, d = 2. Calculate the remainder when s is divided by 7.
6
Let k = -49505 + 49612. Suppose 112 = 3*q - 38. What is the remain